rs of 78713.
78713
What are the prime factors of 9298251?
3, 1033139
List the prime factors of 509344.
2, 11, 1447
What are the prime factors of 129463?
37, 3499
List the prime factors of 273877.
103, 2659
List the prime factors of 232169.
7, 17, 1951
What are the prime factors of 3699994?
2, 29, 63793
What are the prime factors of 62561?
73, 857
What are the prime factors of 7898?
2, 11, 359
What are the prime factors of 18889?
13, 1453
What are the prime factors of 3645067?
43, 103, 823
List the prime factors of 13628616.
2, 3, 269, 2111
List the prime factors of 40487393.
29, 59, 23663
List the prime factors of 2043150.
2, 3, 5, 53, 257
What are the prime factors of 12345684?
2, 3, 13, 79139
List the prime factors of 256066.
2, 128033
List the prime factors of 8497170.
2, 3, 5, 11, 2861
What are the prime factors of 136780?
2, 5, 7, 977
List the prime factors of 33873701.
33873701
What are the prime factors of 6040391?
7, 862913
What are the prime factors of 7986913?
11, 61, 11903
List the prime factors of 860961.
3, 286987
List the prime factors of 435402.
2, 3, 11, 733
What are the prime factors of 11731779?
3, 109, 11959
List the prime factors of 244198.
2, 122099
What are the prime factors of 99571?
99571
List the prime factors of 6221062.
2, 3110531
List the prime factors of 19920336.
2, 3, 89, 4663
What are the prime factors of 106469?
11, 9679
What are the prime factors of 742556?
2, 73, 2543
List the prime factors of 18965135.
5, 7, 19, 79
List the prime factors of 15641101.
7, 83, 26921
What are the prime factors of 1492365?
3, 5, 7, 61, 233
List the prime factors of 1328214.
2, 3, 19, 61, 191
List the prime factors of 17492534.
2, 8746267
What are the prime factors of 1223968?
2, 23, 1663
What are the prime factors of 125062?
2, 7, 8933
What are the prime factors of 538187?
13, 41399
What are the prime factors of 326810?
2, 5, 11, 2971
What are the prime factors of 2843313?
3, 11, 86161
List the prime factors of 1347803.
19, 70937
What are the prime factors of 404289?
3, 29, 1549
List the prime factors of 63932.
2, 11, 1453
What are the prime factors of 17136606?
2, 3, 41, 69661
List the prime factors of 6693340.
2, 5, 334667
What are the prime factors of 239733?
3, 13, 683
List the prime factors of 3806756.
2, 951689
List the prime factors of 185500.
2, 5, 7, 53
What are the prime factors of 7432626?
2, 3, 1238771
List the prime factors of 933950.
2, 5, 18679
What are the prime factors of 3209367?
3, 7, 67, 2281
List the prime factors of 41295.
3, 5, 2753
What are the prime factors of 5103011?
1367, 3733
List the prime factors of 1095346.
2, 7, 11177
List the prime factors of 78561.
3, 7, 29, 43
What are the prime factors of 7620039?
3, 7, 37, 467
What are the prime factors of 4705916?
2, 349, 3371
What are the prime factors of 194396?
2, 23, 2113
List the prime factors of 426870.
2, 3, 5, 17, 31
List the prime factors of 46511.
46511
What are the prime factors of 3270253?
7, 139, 3361
List the prime factors of 296319.
3, 98773
What are the prime factors of 84391?
84391
List the prime factors of 243855.
3, 5, 5419
What are the prime factors of 7931528?
2, 11, 193, 467
What are the prime factors of 750663?
3, 83407
What are the prime factors of 8325251?
11, 47, 16103
List the prime factors of 722522.
2, 23, 113, 139
List the prime factors of 3063176.
2, 61, 6277
What are the prime factors of 8868151?
8868151
List the prime factors of 14960114.
2, 13, 29, 19841
List the prime factors of 462171.
3, 154057
What are the prime factors of 1410903?
3, 13, 31, 389
What are the prime factors of 8527970?
2, 5, 11, 77527
List the prime factors of 9927.
3, 1103
What are the prime factors of 9874213?
31, 318523
List the prime factors of 563093.
29, 19417
List the prime factors of 1208259.
3, 13, 23, 449
What are the prime factors of 3065825?
5, 7, 17519
What are the prime factors of 1343693?
13, 41, 2521
List the prime factors of 1731949.
1731949
List the prime factors of 7908552.
2, 3, 109841
List the prime factors of 27793044.
2, 3, 85781
What are the prime factors of 2444383?
2444383
List the prime factors of 2305660.
2, 5, 7, 43, 383
List the prime factors of 529110.
2, 3, 5, 5879
What are the prime factors of 2600168?
2, 325021
What are the prime factors of 2742990?
2, 3, 5, 91433
What are the prime factors of 223887?
3, 37, 2017
What are the prime factors of 349524?
2, 3, 7, 19, 73
What are the prime factors of 188410?
2, 5, 83, 227
List the prime factors of 201888.
2, 3, 701
List the prime factors of 418845.
3, 5, 7, 3989
List the prime factors of 12511350.
2, 3, 5, 27803
What are the prime factors of 199978?
2, 99989
What are the prime factors of 1383935?
5, 7, 39541
What are the prime factors of 134507?
134507
What are the prime factors of 795418?
2, 13, 30593
What are the prime factors of 726836?
2, 11, 16519
List the prime factors of 433387.
47, 9221
List the prime factors of 2363984.
2, 7, 21107
What are the prime factors of 63814?
2, 31907
List the prime factors of 1405146.
2, 3, 234191
What are the prime factors of 21905795?
5, 4381159
What are the prime factors of 74520?
2, 3, 5, 23
What are the prime factors of 641692?
2, 160423
List the prime factors of 642939.
3, 11, 19483
What are the prime factors of 748410?
2, 3, 5, 13, 19, 101
List the prime factors of 94365.
3, 5, 233
List the prime factors of 7379593.
13, 567661
What are the prime factors of 3518534?
2, 19, 92593
What are the prime factors of 509320?
2, 5, 7, 17, 107
List the prime factors of 124429.
124429
List the prime factors of 1131069.
3, 181, 2083
List the prime factors of 3481557.
3, 1160519
List the prime factors of 52315.
5, 10463
What are the prime factors of 285462?
2, 3, 15859
List the prime factors of 2034225.
3, 5, 9041
What are the prime factors of 7740959?
233, 33223
What are the prime factors of 5258340?
2, 3, 5, 131, 223
What are the prime factors of 1607675?
5, 107, 601
List the prime factors of 14554478.
2, 61, 119299
What are the prime factors of 501999?
3, 19, 8807
What are the prime factors of 26317?
26317
List the prime factors of 10098821.
10098821
List the prime factors of 29161.
11, 241
What are the prime factors of 452461?
53, 8537
List the prime factors of 7998563.
19, 420977
What are the prime factors of 87122?
2, 7, 127
What are the prime factors of 2068445?
5, 413689
What are the prime factors of 187862?
2, 29, 41, 79
List the prime factors of 9431431.
9431431
List the prime factors of 278586.
2, 3, 7, 11, 67
What are the prime factors of 10768391?
61, 176531
What are the prime factors of 64693?
64693
List the prime factors of 4888321.
4888321
List the prime factors of 224743.
224743
List the prime factors of 685880.
2, 5, 13, 1319
What are the prime factors of 3437577?
3, 11, 13, 2671
What are the prime factors of 597940?
2, 5, 7, 4271
What are the prime factors of 835233?
3, 7, 31, 1283
List the prime factors of 851482.
2, 271, 1571
What are the prime factors of 921314?
2, 460657
List the prime factors of 21939928.
2, 17, 161323
What are the prime factors of 12290584?
2, 1163, 1321
List the prime factors of 315566.
2, 83, 1901
List the prime factors of 2945344.
2, 46021
List the prime factors of 292112.
2, 18257
What are the prime factors of 414886?
2, 207443
List the prime factors of 130236.
2, 3, 10853
What are the prime factors of 15766413?
3, 13, 404267
What are the prime factors of 271775?
5, 7, 1553
List the prime factors of 3141064.
2, 23, 43, 397
What are the prime factors of 207098?
2, 103549
List the prime factors of 8593832.
2, 13, 82633
What are the prime factors of 205644?
2, 3, 17137
What are the prime factors of 4273024?
2, 7, 19, 251
What are the prime factors of 140228?
2, 11, 3187
What are the prime factors of 91727?
29, 3163
What are the prime factors of 4273568?
2, 13, 10273
List the prime factors of 2543155.
5, 29, 17539
What are the prime factors of 17931969?
3, 11, 173, 349
What are the prime factors of 872525?
5, 17, 2053
What are the prime factors of 203843?
203843
What are the prime factors of 2579943?
3, 859981
What are the prime factors of 650596?
2, 162649
What are the prime factors of 12557190?
2, 3, 5, 641, 653
List the prime factors of 10826982.
2, 3, 113, 5323
What are the prime factors of 8143248?